t common factor of 10 and 10?
10
What is the highest common divisor of 4 and 14740?
4
Calculate the highest common factor of 7389 and 63.
9
Calculate the highest common divisor of 35 and 2030.
35
Calculate the greatest common factor of 5103 and 162.
81
What is the highest common divisor of 640 and 980?
20
Calculate the greatest common factor of 12936 and 88.
88
Calculate the greatest common factor of 4 and 12548.
4
What is the highest common factor of 1128 and 10340?
188
What is the highest common divisor of 68 and 578?
34
Calculate the highest common factor of 156 and 36.
12
What is the greatest common factor of 570 and 114?
114
What is the highest common factor of 498 and 6142?
166
Calculate the greatest common divisor of 53 and 53.
53
Calculate the greatest common divisor of 95 and 76.
19
What is the greatest common divisor of 1556 and 24?
4
What is the greatest common factor of 5652 and 54?
18
What is the highest common divisor of 28 and 175?
7
What is the greatest common factor of 360 and 6?
6
What is the greatest common divisor of 80 and 4520?
40
Calculate the greatest common factor of 131 and 655.
131
What is the highest common factor of 33 and 1331?
11
What is the greatest common divisor of 30 and 50?
10
What is the highest common divisor of 8 and 88?
8
Calculate the greatest common factor of 160 and 15120.
80
Calculate the highest common factor of 107 and 35417.
107
Calculate the greatest common divisor of 1416 and 16.
8
Calculate the greatest common factor of 756 and 700.
28
Calculate the greatest common divisor of 15 and 45.
15
What is the greatest common factor of 912 and 6612?
228
What is the greatest common divisor of 84 and 5775?
21
Calculate the highest common factor of 299 and 26.
13
What is the highest common factor of 8 and 9244?
4
What is the highest common divisor of 47 and 846?
47
Calculate the greatest common divisor of 14 and 427.
7
What is the highest common divisor of 5356 and 52?
52
Calculate the greatest common factor of 56 and 5670.
14
Calculate the greatest common divisor of 5533 and 22.
11
Calculate the highest common divisor of 1070 and 40.
10
Calculate the highest common factor of 13 and 13767.
13
Calculate the highest common factor of 194 and 97.
97
Calculate the greatest common divisor of 169 and 507.
169
Calculate the greatest common divisor of 409 and 3.
1
Calculate the greatest common factor of 12956 and 164.
164
What is the highest common divisor of 994 and 14?
14
Calculate the highest common divisor of 7498 and 163.
163
What is the greatest common divisor of 804 and 1876?
268
What is the highest common factor of 402 and 6?
6
What is the highest common factor of 555 and 1554?
111
Calculate the highest common divisor of 570 and 304.
38
Calculate the highest common factor of 96 and 2624.
32
What is the greatest common divisor of 48 and 80?
16
What is the greatest common divisor of 6 and 1023?
3
What is the highest common divisor of 135 and 9558?
27
What is the greatest common divisor of 4305 and 175?
35
Calculate the highest common divisor of 1320 and 2805.
165
Calculate the highest common factor of 1073 and 319.
29
What is the highest common divisor of 66 and 984?
6
Calculate the highest common divisor of 7 and 56.
7
What is the greatest common factor of 672 and 72?
24
What is the greatest common divisor of 10 and 320?
10
Calculate the greatest common factor of 4293 and 53.
53
What is the highest common divisor of 6692 and 28?
28
What is the greatest common divisor of 18051 and 33?
33
Calculate the greatest common factor of 1827 and 27.
9
What is the greatest common divisor of 35 and 31850?
35
What is the highest common divisor of 6 and 128?
2
What is the greatest common divisor of 255 and 4165?
85
Calculate the highest common divisor of 7845 and 60.
15
Calculate the highest common divisor of 1501 and 79.
79
Calculate the greatest common divisor of 288 and 54.
18
What is the highest common divisor of 73 and 146?
73
Calculate the highest common factor of 270 and 10.
10
Calculate the highest common factor of 10205 and 130.
65
Calculate the greatest common factor of 150 and 3825.
75
What is the greatest common divisor of 22 and 506?
22
What is the highest common factor of 54648 and 276?
276
What is the greatest common divisor of 2300 and 138?
46
What is the greatest common factor of 536 and 16?
8
Calculate the highest common divisor of 35710 and 5.
5
What is the greatest common factor of 884 and 39?
13
Calculate the highest common divisor of 39039 and 132.
33
Calculate the highest common divisor of 67 and 2077.
67
What is the highest common factor of 3934 and 98?
14
Calculate the highest common factor of 106 and 2650.
106
What is the greatest common factor of 6 and 146?
2
Calculate the greatest common divisor of 64 and 48.
16
What is the greatest common factor of 240 and 2910?
30
Calculate the highest common factor of 54 and 95580.
54
Calculate the highest common divisor of 455 and 637.
91
Calculate the highest common factor of 882 and 18.
18
Calculate the highest common divisor of 64 and 2.
2
What is the highest common factor of 10341 and 27?
27
What is the greatest common divisor of 5084 and 246?
82
What is the highest common divisor of 476 and 595?
119
What is the greatest common factor of 95 and 20?
5
Calculate the highest common divisor of 10 and 1010.
10
Calculate the highest common factor of 91 and 6539.
13
Calculate the greatest common divisor of 160 and 270.
10
Calculate the highest common divisor of 530 and 85.
5
What is the greatest common divisor of 188 and 24?
4
What is the greatest common factor of 4212 and 52?
52
What is the greatest common divisor of 75 and 12?
3
Calculate the greatest common divisor of 624 and 273.
39
Calculate the greatest common divisor of 125 and 325.
25
Calculate the highest common divisor of 338 and 2.
2
What is the greatest common divisor of 8685 and 225?
45
Calculate the greatest common factor of 360 and 9.
9
Calculate the highest common divisor of 3210 and 749.
107
Calculate the greatest common factor of 1519 and 31.
31
What is the greatest common divisor of 13 and 26?
13
What is the highest common factor of 126 and 36?
18
Calculate the greatest common factor of 1240 and 72.
8
What is the greatest common divisor of 540 and 20?
20
What is the greatest common factor of 28 and 16?
4
What is the highest common factor of 485 and 20?
5
What is the highest common divisor of 62 and 155?
31
Calculate the greatest common divisor of 200 and 75.
25
Calculate the highest common divisor of 306 and 34.
34
Calculate the greatest common factor of 12 and 246.
6
Calculate the highest common divisor of 14 and 63.
7
Calculate the highest common factor of 480 and 216.
24
Calculate the highest common divisor of 7385 and 35.
35
Calculate the highest common factor of 28 and 7.
7
What is the highest common divisor of 41 and 1230?
41
What is the greatest common divisor of 10251 and 9?
9
Calculate the greatest common factor of 2 and 113.
1
Calculate the greatest common factor of 62 and 26102.
62
What is the greatest common factor of 10 and 65?
5
Calculate the highest common divisor of 36 and 24.
12
Calculate the greatest common factor of 72 and 27.
9
What is the greatest common factor of 33 and 143?
11
Calculate the highest common factor of 19 and 779.
19
Calculate the highest common divisor of 87 and 3741.
87
What is the greatest common divisor of 92 and 28?
4
Calculate the highest common factor of 34 and 4318.
34
What is the greatest common divisor of 775 and 50?
25
Calculate the highest common factor of 6675 and 534.
267
Calculate the highest common factor of 1 and 71.
1
Calculate the greatest common factor of 235 and 799.
47
What is the highest common factor of 15 and 735?
15
What is the greatest common divisor of 2608 and 320?
16
Calculate the greatest common divisor of 21 and 1365.
21
Calculate the highest common factor of 846 and 18.
18
Calculate the greatest common factor of 16 and 9232.
16
What is the greatest common divisor of 111132 and 49?
49
What is the greatest common divisor of 58 and 783?
29
What is the highest common factor of 24 and 348?
12
Calculate the highest common divisor of 996 and 84.
12
Calculate the greatest common factor of 2214 and 2706.
246
What is the highest 